
Let p(o) = o**3 - 8*o**2 - 10*o + 2. Let l be p(7). Let b = l - -463. What is the units digit of b?
6
What is the units digit of (-1)/7 + 2808/7?
1
Suppose 0*q + 3*q - 3 = -3*n, q = -4*n + 4. What is the units digit of ((-6)/12)/(n/(-132))?
6
Suppose 4*k = -41 - 3. Suppose -10 = 4*q - q + z, -2*q - 3*z = 2. What is the units digit of k*(0 + q + -2)?
6
Let t be (42/(-15))/(4/(-50)). Let r = 24 - t. What is the units digit of (-884)/(-22) + 2/r?
0
Let z = 114 + 266. Let g(x) = 9*x - 1. Let w be g(2). Suppose 0 = w*p - 22*p + z. What is the units digit of p?
6
Let q be 5 - ((-12)/(-3) - 1). What is the units digit of ((-13)/q)/((-5)/80)?
4
Let l = 7550 + -4038. What is the hundreds digit of l?
5
Let a(x) = -25*x + 2. Let d be a(-1). Let v = 34 - d. What is the units digit of v?
7
Let h = 149 + -146. What is the units digit of 1036/6 + 1/h?
3
Suppose -3 + 19 = 2*t. Let y = t - 7. What is the units digit of ((-52)/(3/(-3)))/y?
2
Suppose 0 = -4*u + 6*u - 16. Suppose -u*y + 4*y = 3*o + 34, 2 = -2*y. What is the units digit of (-56)/o + (-15)/25?
5
Let a(m) be the first derivative of m**3/3 - 3*m**2 - 4*m + 5. Let x be a(7). Suppose x*y = 7*y - 36. What is the units digit of y?
9
Suppose 0 = -2*k + k + 43. Let w = -12 + k. Suppose -2*z + 2 = 3*t - w, -5 = -5*t. What is the tens digit of z?
1
Let n(f) = f**3 - 15*f**2 + 14*f + 2. Suppose -5*i + 68 = -2. Let m be n(i). Let d(c) = 13*c**2 - 2*c - 1. What is the units digit of d(m)?
7
Let r(w) = w**2 - 42*w - 13. What is the thousands digit of r(-30)?
2
Suppose 6459 = 5*g + 3*x, -4*g + 5874 = -4*x + 694. What is the tens digit of g?
9
Suppose -33 = -6*y + 21. Let t be -1 + 1 - (-20)/2. Let h = t - y. What is the units digit of h?
1
Let c = 27 - 22. Let x be 3 - (-4 + c)*3. Suppose 2*h + 2 = 5*z - 123, x = 2*z + 5*h - 50. What is the units digit of z?
5
Suppose -6*l + 3*m + 8301 = 0, -25*l = -29*l - 2*m + 5514. What is the hundreds digit of l?
3
Let k(j) = 11*j - 513. What is the units digit of k(47)?
4
Let o = -180 - -512. Let m = -220 + o. Suppose -u = 3*u - m. What is the units digit of u?
8
Suppose -2523 = 146*x - 149*x. What is the units digit of x?
1
Suppose -5*l - 3*q - 66 = 0, -66 = 4*l + 5*q - 8. Let u be (-34)/(-12) - 2/l. Suppose -p - 51 = -4*p - u*b, -5*p = -3*b - 93. What is the units digit of p?
8
Let k(w) = 9*w + 14. Let m be 23/115 - (1 - (-4)/(-5)). What is the tens digit of k(m)?
1
What is the hundreds digit of 566 + 1 - (-904)/(-113)?
5
Suppose 0 = 2*x - 4 + 2. Suppose 5*b - 70 = -5*n, b - 21 = -5*n + x. What is the units digit of 18*(0 + 4/b)?
6
Let z(d) = d + 2. Let f be z(-2). Suppose f = 3*j - 5*j + 6. What is the units digit of (54 + j)/3 - -1?
0
Let o(l) = l**3 - l**2 + 2*l + 2. Let h be o(0). Suppose -3*s = -4*k - 660 - 214, h*s + 2*k - 606 = 0. What is the hundreds digit of s?
2
Let l(k) = -k**2 + 10*k + 1. Let y(p) = 5*p**2 - 41*p - 3. Let s(i) = -9*l(i) - 2*y(i). Suppose -3*r - 15 = -0. What is the units digit of s(r)?
2
Suppose 4*l - 248 = -1508. Let i = l + 453. What is the hundreds digit of i?
1
Suppose -261 = -31*z + 2591. What is the tens digit of z?
9
Let k = -30 - -50. Suppose 4*b = 6*b - k. What is the units digit of b?
0
What is the hundreds digit of (5*-3)/((-7)/91)?
1
Suppose -2*j - 5*n + 474 = -47, -4*j + 997 = -5*n. What is the tens digit of j?
5
Let o be (1/(1/(-24)))/(-1). Let j = -20 + o. Suppose -19 + 115 = j*z. What is the units digit of z?
4
Let n(w) be the first derivative of w**2 - w + 5. Let f be n(2). Suppose 0 = -5*s - 20, -4*z + f*s = s - 72. What is the tens digit of z?
1
Suppose 872 = 4*d + 4*g, -2*d + 541 - 84 = -5*g. What is the tens digit of d?
2
Let a = -24 - 38. Let w be (-2 - 2)/(2/a). What is the units digit of (-3)/(12/w)*-1?
1
Let q = -1 - -9. Suppose 0 = -3*z + q*z - 400. What is the tens digit of (6/5)/(3/z)?
3
Let k be ((-34)/(-119))/(1/7). Let m(w) = 4*w**2 - 3*w - 2. Let f be m(k). What is the tens digit of 478/f + 2/8?
6
Let b be 11*(-3)/(-2)*2. Let w be (-5976)/(-396) + (-2 - 21/(-11)). Let i = b - w. What is the tens digit of i?
1
Let l(b) = 149*b + 191. What is the units digit of l(6)?
5
Let q(t) = -4*t - 1. Let s be q(-9). Let l = s + -31. Suppose -2*b + b = 3, -4*c = l*b - 180. What is the units digit of c?
8
Let i(m) = m + 10. Let a be i(0). Suppose 1165 = -5*j + a*j. What is the units digit of j?
3
Let c = -8 + -17. Let x = 45 + c. Suppose -15 - x = -b. What is the units digit of b?
5
Suppose 6*t - 4*u - 2167 = t, 3*u - 1715 = -4*t. What is the units digit of t?
1
Let p(g) be the third derivative of -g**6/120 + 17*g**5/60 - 5*g**4/12 + 3*g**3 - 6*g**2. What is the units digit of p(16)?
4
Let a = -34 - -37. Suppose a*d - 71 = -17. What is the tens digit of d?
1
Suppose 2*n = -3*o - 132, -3*n + 5*o = -2*n + 66. Let q = 49 - n. What is the units digit of q?
5
Suppose -2*x = 5*z - 3773, 8*x - 6*x + 745 = z. What is the hundreds digit of z?
7
Suppose 5*k = 6*k - 34. Suppose -k = 2*l - 5*l + 2*y, 2*y = -l + 6. Suppose 0 = 3*i - 5*i + l. What is the units digit of i?
5
Let p = -5 - -11. Suppose 3*z - p = 0, -l = l + 4*z - 12. Suppose -2*h + l = -2. What is the units digit of h?
2
What is the tens digit of 376 - -12*(-2)/(-4)?
8
Let d = -258 + 734. Suppose 3*w + 5*p = 4*w - 253, -2*w + d = 5*p. What is the tens digit of w?
4
Suppose -93 = 3*o + 144. Let i be ((-3 - o) + -1)*1. Suppose 2*h + h - i = 0. What is the tens digit of h?
2
Let q be ((-165)/12)/(-1) - 2/(-8). Let d = q + 0. What is the tens digit of d?
1
Let f be (76/(-10) + 2)/(7/(-140)). Let z = -82 + f. What is the tens digit of z?
3
Let s(x) = x - 8. Let t be s(3). What is the tens digit of (-2)/t - (-204)/15?
1
Suppose -g = -1, -7*g = -3*k - 2*g - 224. Let o = 134 + k. What is the units digit of o?
1
Suppose h + 5 = 8. Suppose c - h*c - 2 = 2*s, -5*s - c + 11 = 0. Suppose -4*m - 3*o = -227, -s*m + o = 2*m - 298. What is the tens digit of m?
5
Let z be (-5)/(-20)*(-1 + -1)*8. What is the tens digit of z - -87 - (2 + 1)?
8
Let g(o) = -10*o**2 + 43*o + 121. Let m be g(-3). Suppose b + q + 1 = -2*q, 5*q = -2*b - 2. What is the tens digit of b - 2 - m/7?
1
Suppose 0 = -4*w + 52 + 1972. What is the tens digit of w?
0
Let y(t) = 6*t**2 + 54*t + 45. Let m(w) = -w**2 - 11*w - 9. Let c(x) = 11*m(x) + 2*y(x). What is the units digit of c(17)?
9
Let s = -163 - 117. Let v be ((-3)/(-2))/(4/s). Let l = v + 161. What is the units digit of l?
6
Let r(g) = -4*g**2 - 214*g - 47. What is the units digit of r(-48)?
9
Let b = -19 - -26. Suppose b*f + 112 = 9*f. Suppose 3*k = 7*k - f. What is the tens digit of k?
1
Let h(c) = c + 8. Let u be h(-5). Suppose -2*n = 62 - 378. Suppose -s + n = 3*i - 0*s, u*s + 98 = 2*i. What is the units digit of i?
2
Let v = 898 - 668. What is the units digit of v?
0
Suppose -2*a - 26 = 2*m, 2*m - 2*a - 1 + 7 = 0. Let b be 7 - 1/((-4)/m). Suppose -103 = -3*z + n, -b*z = -5*n + 2*n - 173. What is the tens digit of z?
3
Let t(b) = 46*b**2 - b. Suppose 0 = -5*z - 21 + 16. What is the units digit of t(z)?
7
Suppose 3*l + l - 23 = -5*v, 5*l + 2*v = 16. What is the tens digit of l/(-9) + (-492)/(-27)?
1
Let y be (19/7 - 3)/((-2)/28). What is the tens digit of ((-368)/20)/(y/(-10))?
4
Let y(h) = 96*h - 215. What is the hundreds digit of y(9)?
6
Let c(j) = 5*j**2 + 10*j - 4. What is the units digit of c(-9)?
1
Suppose 459 - 2890 = -13*q. What is the tens digit of q?
8
Let s(v) = -v**3 - v**2 + 2*v + 4. Let j be s(0). Suppose -7 = -u - j*c, -u - 35 = -6*u + 3*c. What is the units digit of u?
7
Let s(q) = -q**2 + q + 1. Let t(o) = 5*o**2 - 3*o**2 + 4*o - 7*o - 7 - 9*o. Let w(u) = -6*s(u) - t(u). What is the units digit of w(-3)?
9
Suppose -y + b + 2 = 0, -12 = y + 2*y + 3*b. What is the units digit of 42/((5/(-10))/y)?
4
Let m be 2/(-9) + 3745/45. Let z = m - -1. Suppose 3*y - z = -3*y. What is the tens digit of y?
1
Suppose 0*a + 3298 = 5*a + 2*o, 0 = -5*a + 4*o + 3274. What is the units digit of a?
8
Suppose j = 286 - 107. Let q = -761 + j. What is the tens digit of (-2)/3 - q/9?
6
What is the tens digit of (-4)/(-14) - (21938/(-49) + -3)?
5
Suppose 4*k - 513 = 5*s, 0*k = -k - 3*s + 107. Suppose 21*r = 23*r - k. What is the units digit of r?
1
Let n be (17*12/8)/(2/(-4)). Let o = n - -54. What is the units digit of o?
3
Let g be 3 + (-3)/1 + -7. Let o = g - -11. Suppo